is divided by f?
20
Let v(s) = -s**2 - 11*s + 28. Let a be v(-13). Suppose -a*r - 3*c + 41 = -2*c, 5*c = -3*r + 79. Calculate the remainder when 12/(-2)*(-46)/4 is divided by r.
15
Suppose -4*z = -8*v + 4*v - 64, -4*v - 80 = -5*z. Let s = 18 - z. Suppose -s*t = -5*c - 23, -3*c - 11 = -0*t - t. What is the remainder when t is divided by 4?
2
Let j(l) = l**2 - 11*l + 3. Let g be j(11). Suppose 0 = -g*k - 0*k. Suppose k = -3*f + f + 2. What is the remainder when 2 is divided by f?
0
Calculate the remainder when (608 - 2)*13/78 is divided by 51.
50
Suppose -5*m - 10*o + 6*o + 333 = 0, 0 = 4*m - 5*o - 291. Calculate the remainder when 93 is divided by m.
24
Let w = 52 + -35. Suppose -2*i + 83 = w. Suppose -120*u = -5*y - 124*u + 65, 0 = -5*y + 4*u + 25. What is the remainder when i is divided by y?
6
Let i = 1205 - 1174. Calculate the remainder when 741 is divided by i.
28
Let m = 2568 - 2305. Calculate the remainder when m is divided by 84.
11
Suppose -4*w = -4*t + 36, 0 = -3*t + w + 9 + 20. What is the remainder when t is divided by 4?
2
What is the remainder when 228 is divided by 58 + 2/8 + (-1)/4?
54
What is the remainder when 377 is divided by 43 - 4 - 48/(-16)?
41
Let r = -32 - -33. Suppose -r + 6 = 3*a + w, -5*a - w = -5. Suppose 3*i - 10 - 26 = a. What is the remainder when 46 is divided by i?
10
Let m be (3 - 1)*253/(-22). Let p = m + 27. Suppose 3*w + f - 6 = -2*f, -p*w - 3*f = -13. Calculate the remainder when 23 is divided by w.
2
Let s(l) = -l**3 - 11*l**2 + l. Let q be s(-11). Calculate the remainder when (-22)/121 - 244/q is divided by 8.
6
Let x(q) = 13*q - 6. Let v be x(9). Let k = v + -90. Calculate the remainder when k is divided by 7.
0
Let u(w) = w**2 + 5*w - 9. Let f be u(-9). Let h = f - 26. Calculate the remainder when 2 is divided by h.
0
Suppose -5*h + 30 = -3*h + d, 47 = 3*h + 2*d. Calculate the remainder when h is divided by 9.
4
What is the remainder when 17 is divided by ((-30)/12)/((-2)/4)?
2
Let y = -77 + 75. Calculate the remainder when 124 is divided by 6/y - (98 + -2)/(-4).
19
Let c = -39 - -72. Suppose -20*x + 84 = -35*x + 999. Calculate the remainder when x is divided by c.
28
Let c = -5 + -1. Let v(b) = b + 10. Let z be v(c). What is the remainder when 72 is divided by (-4)/((-16)/z)*19?
15
Suppose 0 = -11*y + 1338 - 359. Let w(s) = -s + 1188. Let j be w(0). Calculate the remainder when y is divided by (-2)/(-13) + j/52.
20
Let r be (26/4)/(1/2). Suppose 18*n - r*n = 10. Suppose 5*w + 10 = 0, m + n*m - 247 = 5*w. What is the remainder when m is divided by 20?
19
Let z be 699/21 + 8/28*-1. Suppose -z + 3 = -6*b. What is the remainder when 7 is divided by b?
2
Let g = 148 - 259. Let m = 121 + g. Calculate the remainder when 25 is divided by m.
5
Suppose 17 = 4*o - 75. Let u(h) = -186*h**2 + 184*h**2 - 3 - 68*h**3 + 2 - 2*h. Calculate the remainder when u(-1) is divided by o.
21
Suppose 26 = -2*n + 32. What is the remainder when 126 is divided by n?
0
Let k = -157 - -17. Let x = k - -200. Calculate the remainder when x is divided by 17.
9
Let k = 2209 - 950. Calculate the remainder when k is divided by 60.
59
What is the remainder when (9/(-15))/(5392/600 - 9) is divided by (-3)/6*(2 - 34)?
13
Suppose 115 = 5*v + 5*u, 2*v - v = 5*u + 53. Suppose 4*o = 4*p + 12, -o + 0*o = 4*p - v. Calculate the remainder when 14 is divided by o.
6
Let z = -23 - -27. Let c = z - -12. What is the remainder when 77 is divided by c?
13
Suppose 2*q = -3*q + 30. Suppose 10*g - 12*g = -3*h - 28, -7 = -g + 5*h. Calculate the remainder when g is divided by q.
5
Suppose -27 + 3 = 4*s. Calculate the remainder when 304/24*(-1)/(2/s) is divided by 20.
18
Let p = 332 - 255. Calculate the remainder when 290 is divided by p.
59
Let o be (-108)/(-26) + (-7)/(-91)*-2. Suppose 0 = 4*x - 4*a - 624, -a + 480 = -o*x + 7*x. Calculate the remainder when x is divided by 23.
21
Let m(y) = -y + 20. Let k(j) = -j**3 + 3*j**2 + 4*j + 12. Let t be k(5). Calculate the remainder when 150 is divided by m(t).
36
Suppose -6*v + 276 - 210 = 0. Calculate the remainder when 41 is divided by v.
8
Let c(s) be the second derivative of -s**4/12 - 7*s**3/3 - 9*s**2/2 - 11*s. What is the remainder when 47 is divided by c(-11)?
23
Let o = 14 - 10. Suppose -o*u + 39 = 7. Let g(z) = 2*z**3 - z**2 + 15. What is the remainder when g(0) is divided by u?
7
Suppose 2*q + 4*y = 136, -3*q = -60*y + 64*y - 192. Let l = -1 + 1. Suppose l = -4*t - 10 + 86. What is the remainder when q is divided by t?
18
Suppose 5*h - c - 220 = 4*c, -c = 2*h - 91. What is the remainder when 81 is divided by h?
36
Let j be 13 - -2*(-1)/(-1). Let q be (-6)/4*(-20)/j. Let p(i) = 3*i**2 - 4. What is the remainder when p(q) is divided by 6?
2
Suppose -5*k + 4*v + 8 = 0, 5*k - 6 = 2*v + v. Let z(d) = -d + 16. What is the remainder when 47 is divided by z(k)?
15
What is the remainder when ((-39)/3 + 8)/(20/1272*-3) is divided by -72*(-1 + (-1)/(-2))?
34
Suppose 27*r - 577 = -927 + 728. Suppose -x = -y - 39, -5*x - y = 4*y - 195. Calculate the remainder when x is divided by r.
11
Calculate the remainder when 8 is divided by ((-30)/9 - -2)*15/(-10).
0
Let t = -44 + 46. Suppose -4*p - t*b - 24 = -70, -4*p = 5*b - 61. What is the remainder when 18 is divided by p?
0
Suppose -49*q + 203 - 105 = 0. What is the remainder when 155 is divided by q?
1
Let d = 84 + -81. Let w(q) = -12*q + 1. Calculate the remainder when w(-2) is divided by d.
1
Let x = 1101 + -990. Calculate the remainder when x is divided by 16.
15
What is the remainder when 94 is divided by 36/(-14 - -5)*(-4)/2?
6
Suppose 2*i + 7 = 5*h, i - 2*i - 2*h = 8. Calculate the remainder when (-1)/(-3) - (-53)/3 is divided by 8/(-56)*-7 - i/2.
2
Let c = 153 + -71. Let g = 116 - c. Calculate the remainder when g is divided by 19.
15
Let j be 930/40 + 2/(-8). Let l = j - 11. What is the remainder when l is divided by 5/((-10)/(-4)) - -5?
5
Let q = 661 + -579. What is the remainder when q is divided by 28?
26
Let v = -134 + 137. Suppose 0 = -o - 4*o + 225. Suppose 0 = -6*j + v*j + o. Calculate the remainder when j is divided by 8.
7
Let w = -384 - -422. What is the remainder when w is divided by 21?
17
Let u(s) be the second derivative of -s**4/12 + 13*s**3/6 - 9*s**2/2 + 9*s. What is the remainder when u(10) is divided by 11?
10
Suppose 35*g = 384 + 526. What is the remainder when 196 is divided by g?
14
Let p(j) = j**2 - 15*j + 3. Let b be p(15). Suppose -2*u + b - 1 = 0. Suppose l + u = 18. Calculate the remainder when l is divided by 10.
7
Let l(v) = 33*v + 5. Suppose -21*j = -270 - 318. Calculate the remainder when l(4) is divided by j.
25
Let x = 1102 - 907. What is the remainder when x is divided by 28?
27
Suppose -25 = -6*t + t. Suppose -5*b = 6*r - 2*r - 33, -b + r + 12 = 0. Suppose -n = -4*x - 5, 0 = n - 2*x - b. Calculate the remainder when n is divided by t.
3
Suppose 0 = -18*m + 14*m + 308. Let b = -65 + m. Suppose -5*i = -3 - 12. Calculate the remainder when b is divided by i.
0
Let o = -58 - -152. Let j(n) = -82*n - 116. What is the remainder when o is divided by j(-2)?
46
Let z(j) = -j**3 - 4*j**2 + 8*j - 1. Suppose u - 6*u = -4*l + 34, 0 = -l + 1. Suppose 0 = -11*m + 2*m + 54. Calculate the remainder when z(u) is divided by m.
5
Let t(z) = 3*z**2 - 2*z - 6. Let o be t(3). Let g be (-65)/o - (-2)/6. Calculate the remainder when 76 is divided by 273/14 + (-2)/g.
16
Let i(k) = -k - 1. Let q be (-10)/(-4) - (-7)/14. Suppose -q*s - 20 = 2*t, -4*s - t - 14 = 6. What is the remainder when 3 is divided by i(s)?
0
Suppose -42 - 13 = -11*d. Suppose d*s + 3*r - 20 = -2*r, 0 = -r - 5. Calculate the remainder when 26 is divided by s.
8
Let l(c) = 62*c + 11. Let n be l(5). Suppose -2*q - q = -n. What is the remainder when q is divided by 27?
26
Suppose 5*c - 16 = 2*t, -t - 25 = -4*c - 11. Suppose -3*p = d - 18, 5*d - c*d = 4*p - 3. Calculate the remainder when d/45 - 98/(-10) is divided by 3.
1
Let g = -6 + 10. Let m(y) = -y - 11. Let w = -31 - -17. What is the remainder when g is divided by m(w)?
1
Let i = -1196 + 1246. Suppose -450 = -3*k - 4*h, 2*k + 2*h + 3*h = 307. Calculate the remainder when k is divided by i.
46
Suppose q = 30 + 8. What is the remainder when 183 is divided by q?
31
Let r(c) = 12*c**3 - c**2 - 2*c - 1. Let s be r(-1). Let n = -21 -